{"id":3642,"date":"2018-11-03T03:19:19","date_gmt":"2018-11-03T00:19:19","guid":{"rendered":"https:\/\/barberry.temashdesign.me\/furnituredemo\/?page_id=3642"},"modified":"2023-08-25T15:44:22","modified_gmt":"2023-08-25T12:44:22","slug":"iletisim","status":"publish","type":"page","link":"https:\/\/fomedu.com\/index.php\/iletisim\/","title":{"rendered":"\u0130leti\u015fim"},"content":{"rendered":"<section class=\"wpb-content-wrapper\"><p>[vc_row full_width=&#8221;stretch_row_content_no_spaces&#8221; full_height=&#8221;yes&#8221; columns_placement=&#8221;top&#8221; content_placement=&#8221;top&#8221;][vc_column offset=&#8221;vc_col-lg-8 vc_col-md-7&#8243; css=&#8221;.vc_custom_1545309491403{padding-top: 0px !important;background: #eeeeee url(https:\/\/barberry.temashdesign.me\/furnituredemo\/wp-content\/uploads\/sites\/3\/2018\/12\/contact-bg.jpg?id=3714) !important;background-position: center !important;background-repeat: no-repeat !important;background-size: cover !important;}&#8221;][vc_empty_space height=&#8221;120px&#8221;][vc_row_inner][vc_column_inner offset=&#8221;vc_hidden-sm vc_hidden-xs&#8221;][vc_column_text]<iframe loading=\"lazy\" style=\"border: 0;\" src=\"https:\/\/www.google.com\/maps\/embed?pb=!1m18!1m12!1m3!1d144181.4194739536!2d28.73129153515042!3d41.08706799976637!2m3!1f0!2f0!3f0!3m2!1i1024!2i768!4f13.1!3m3!1m2!1s0x14caaf335dd69481%3A0x18659d62dc8133af!2zS2F5YWJhxZ_EsSwgS2F5YcWfZWhpciBCbHYsIDM0NDk0IEJhxZ9ha8WfZWhpci_EsHN0YW5idWw!5e0!3m2!1str!2str!4v1692967271697!5m2!1str!2str\" width=\"100%\" height=\"650\" allowfullscreen=\"allowfullscreen\"><\/iframe>[\/vc_column_text][\/vc_column_inner][\/vc_row_inner][vc_row_inner][vc_column_inner offset=&#8221;vc_hidden-lg vc_hidden-md&#8221;][vc_empty_space height=&#8221;45vh&#8221;][\/vc_column_inner][\/vc_row_inner][\/vc_column][vc_column offset=&#8221;vc_col-lg-4 vc_col-md-5&#8243;][vc_row_inner][vc_column_inner width=&#8221;1\/12&#8243;][\/vc_column_inner][vc_column_inner width=&#8221;5\/6&#8243; offset=&#8221;vc_hidden-sm vc_hidden-xs&#8221;][vc_empty_space height=&#8221;13vw&#8221;][\/vc_column_inner][vc_column_inner width=&#8221;1\/12&#8243;][\/vc_column_inner][\/vc_row_inner][vc_row_inner][vc_column_inner width=&#8221;1\/12&#8243;][\/vc_column_inner][vc_column_inner width=&#8221;5\/6&#8243; offset=&#8221;vc_hidden-lg vc_hidden-md&#8221;][vc_empty_space height=&#8221;10vw&#8221;][\/vc_column_inner][vc_column_inner width=&#8221;1\/12&#8243;][\/vc_column_inner][\/vc_row_inner][vc_row_inner][vc_column_inner width=&#8221;1\/6&#8243; offset=&#8221;vc_hidden-sm vc_hidden-xs&#8221;][\/vc_column_inner][vc_column_inner width=&#8221;3\/4&#8243; css=&#8221;.vc_custom_1541147549167{padding-left: 5% !important;}&#8221;][vc_custom_heading text=&#8221;\u0130leti\u015fim&#8221; font_container=&#8221;tag:h1|font_size:48px|text_align:left|color:%23000000|line_height:48px&#8221; google_fonts=&#8221;font_family:Josefin%20Sans%3A100%2C100italic%2C300%2C300italic%2Cregular%2Citalic%2C600%2C600italic%2C700%2C700italic|font_style:700%20bold%20regular%3A700%3Anormal&#8221;][vc_empty_space height=&#8221;30px&#8221;][vc_custom_heading text=&#8221;Adresimiz&#8221; font_container=&#8221;tag:h3|font_size:24px|text_align:left|color:%23000000|line_height:30px&#8221; use_theme_fonts=&#8221;yes&#8221; css=&#8221;.vc_custom_1680900216421{margin-bottom: 5px !important;}&#8221;][vc_custom_heading text=&#8221;Kayaba\u015f\u0131 Mh. Kaya\u015fehir Bul. Ba\u015fak\u015fehir Evleri 1.\u00catap B4 Blok 28B\/46<br \/>\nBa\u015fak\u015fehir \u0130stanbul&#8221; font_container=&#8221;tag:p|font_size:20px|text_align:left|color:%23000000|line_height:30px&#8221; use_theme_fonts=&#8221;yes&#8221;][vc_empty_space height=&#8221;10px&#8221;][vc_custom_heading text=&#8221;Email&#8221; font_container=&#8221;tag:h3|font_size:24px|text_align:left|color:%23000000|line_height:30px&#8221; use_theme_fonts=&#8221;yes&#8221; css=&#8221;.vc_custom_1541153984522{margin-bottom: 5px !important;}&#8221;][vc_custom_heading text=&#8221;info@fomedu.com&#8221; font_container=&#8221;tag:p|font_size:20px|text_align:left|color:%23000000|line_height:30px&#8221; use_theme_fonts=&#8221;yes&#8221;][vc_empty_space height=&#8221;10px&#8221;][vc_custom_heading text=&#8221;Telephone&#8221; font_container=&#8221;tag:h3|font_size:24px|text_align:left|color:%23000000|line_height:30px&#8221; use_theme_fonts=&#8221;yes&#8221; css=&#8221;.vc_custom_1541153990642{margin-bottom: 5px !important;}&#8221;][vc_custom_heading text=&#8221;+90 (507) 847 85 10<br \/>\nPzt \u2013 Cts: 09:00 \u2013 18:00&#8243; font_container=&#8221;tag:p|font_size:20px|text_align:left|color:%23000000|line_height:30px&#8221; use_theme_fonts=&#8221;yes&#8221;][vc_empty_space height=&#8221;10px&#8221;][vc_separator color=&#8221;black&#8221; align=&#8221;align_left&#8221; border_width=&#8221;5&#8243; el_width=&#8221;20&#8243;][vc_empty_space height=&#8221;15px&#8221;][\/vc_column_inner][vc_column_inner width=&#8221;1\/12&#8243;][\/vc_column_inner][\/vc_row_inner][\/vc_column][\/vc_row]<\/p>\n<\/section>","protected":false},"excerpt":{"rendered":"<p>[vc_row full_width=&#8221;stretch_row_content_no_spaces&#8221; full_height=&#8221;yes&#8221; columns_placement=&#8221;top&#8221; content_placement=&#8221;top&#8221;][vc_column offset=&#8221;vc_col-lg-8 vc_col-md-7&#8243; css=&#8221;.vc_custom_1545309491403{padding-top: 0px !important;background: #eeeeee url(https:\/\/barberry.temashdesign.me\/furnituredemo\/wp-content\/uploads\/sites\/3\/2018\/12\/contact-bg.jpg?id=3714) !important;background-position: center !important;background-repeat: no-repeat !important;background-size: cover !important;}&#8221;][vc_empty_space height=&#8221;120px&#8221;][vc_row_inner][vc_column_inner\u2026<\/p>\n","protected":false},"author":1,"featured_media":0,"parent":0,"menu_order":0,"comment_status":"closed","ping_status":"closed","template":"","meta":{"footnotes":""},"class_list":["post-3642","page","type-page","status-publish","hentry"],"_links":{"self":[{"href":"https:\/\/fomedu.com\/index.php\/wp-json\/wp\/v2\/pages\/3642","targetHints":{"allow":["GET"]}}],"collection":[{"href":"https:\/\/fomedu.com\/index.php\/wp-json\/wp\/v2\/pages"}],"about":[{"href":"https:\/\/fomedu.com\/index.php\/wp-json\/wp\/v2\/types\/page"}],"author":[{"embeddable":true,"href":"https:\/\/fomedu.com\/index.php\/wp-json\/wp\/v2\/users\/1"}],"replies":[{"embeddable":true,"href":"https:\/\/fomedu.com\/index.php\/wp-json\/wp\/v2\/comments?post=3642"}],"version-history":[{"count":10,"href":"https:\/\/fomedu.com\/index.php\/wp-json\/wp\/v2\/pages\/3642\/revisions"}],"predecessor-version":[{"id":4565,"href":"https:\/\/fomedu.com\/index.php\/wp-json\/wp\/v2\/pages\/3642\/revisions\/4565"}],"wp:attachment":[{"href":"https:\/\/fomedu.com\/index.php\/wp-json\/wp\/v2\/media?parent=3642"}],"curies":[{"name":"wp","href":"https:\/\/api.w.org\/{rel}","templated":true}]}}